136 (base 9) in base 10?
339099
Convert 3001253 (base 7) to base 5.
42302201
-30434611 (base 7) to base 10
-2546734
Convert -3551715 (base 8) to base 3.
-1211100221211
Convert -11c8c (base 15) to base 10.
-56832
What is 527b6 (base 15) in base 11?
169618
233726 (base 9) to base 12
69413
Convert 39394 (base 13) to base 14.
2a936
What is -118556 (base 13) in base 4?
-1212020222
-1010000010110010 (base 2) to base 12
-1b982
What is -57438 (base 16) in base 10?
-357432
What is -2543130 (base 6) in base 10?
-138078
What is -372116 (base 9) in base 3?
-102102010120
What is 3023200231 (base 4) in base 8?
3134055
What is 144125355 (base 6) in base 4?
23123311013
Convert -1431123 (base 10) to base 3.
-2200201010120
Convert 1b3cf (base 16) to base 13.
3ba21
What is -687861 (base 10) in base 8?
-2477365
-233651 (base 10) to base 7
-1662125
What is -a2b412 (base 12) in base 15?
-355595
-276245 (base 15) to base 5
-441101030
What is 1457427 (base 10) in base 2?
101100011110100010011
What is 20186 (base 10) in base 13?
925a
Convert 187ca (base 15) to base 11.
54713
-2234015 (base 6) to base 8
-335733
Convert 1002121013 (base 4) to base 14.
71167
What is -701535 (base 8) in base 10?
-230237
Convert 114892 (base 13) to base 9.
684511
Convert -12246462 (base 7) to base 3.
-2002002220010
Convert ad511 (base 14) to base 5.
101431302
What is -3bb7bc (base 14) in base 8?
-7706472
-1104353 (base 7) to base 3
-20220120112
Convert 6046237 (base 12) to base 15.
18ab267
What is 1aa6b (base 12) in base 5?
2231124
Convert 11200001022222 (base 3) to base 16.
25db85
Convert -1c3b00 (base 15) to base 8.
-5206223
Convert 2295a (base 14) to base 5.
10143124
What is -1001001110100011000001 (base 2) in base 16?
-24e8c1
Convert -565436 (base 12) to base 14.
-27c1aa
What is -160701 (base 11) in base 8?
-747621
What is 1a8642 (base 11) in base 4?
1031312201
-241000320 (base 5) to base 16
-10edd4
Convert 259b (base 15) to base 16.
1f55
What is 204045515 (base 7) in base 12?
4033312
241926 (base 15) to base 4
12211203132
What is -5482b4 (base 12) in base 2?
-101000111011110101000
Convert db6d (base 15) to base 13.
181b4
Convert 128edc (base 15) to base 3.
1200021012100
What is -1111112121 (base 3) in base 14?
-aab0
4a002 (base 12) to base 3
12002111002
-328aa5 (base 11) to base 7
-4312613
What is -425707 (base 8) in base 11?
-97995
What is 303230133 (base 5) in base 14?
23d1b0
What is 3c4c8a (base 13) in base 12?
5a9331
Convert -48b3 (base 15) to base 4.
-3301230
Convert -9709c3 (base 14) to base 9.
-10550301
What is 686766 (base 15) in base 12?
1803943
11010111011001001111111 (base 2) to base 11
3a908a7
What is -1264002 (base 10) in base 4?
-10310212002
-1324460 (base 7) to base 14
-47830
What is 112220021121 (base 3) in base 2?
1000111100110001111
What is 122303103203 (base 4) in base 6?
410331135
Convert -125600 (base 9) to base 5.
-4420202
Convert 135a909 (base 11) to base 16.
23bdb7
2564224 (base 7) to base 5
41211402
1000010010111111 (base 2) to base 13
12611
62d83 (base 16) to base 8
1426603
What is -43587b6 (base 12) in base 8?
-60671572
What is -11024102 (base 6) in base 10?
-330086
What is -3601a3 (base 12) in base 4?
-3110230023
21c939 (base 13) to base 3
1111121010120
Convert 421432050 (base 6) to base 12.
256b626
336213 (base 7) to base 13
212a3
-1012663 (base 8) to base 14
-6d7b5
Convert 34100140 (base 5) to base 3.
120020120210
What is -cac93 (base 13) in base 6?
-11510214
-21100001101 (base 3) to base 6
-3032231
Convert 14237355 (base 8) to base 5.
1311233443
What is 42351453 (base 6) in base 12?
4bb589
-5702a16 (base 11) to base 12
-341884b
What is -20aa (base 13) in base 14?
-191c
What is 1021220100012 (base 3) in base 10?
686966
Convert 10a8175 (base 12) to base 10.
3207401
Convert -100224442 (base 5) to base 12.
-17290b
Convert -15688255 (base 9) to base 11.
-4484091
What is 201121210010 (base 3) in base 15?
79676
Convert c2d3a (base 15) to base 7.
5150335
-2866352 (base 9) to base 14
-2d1796
What is -22110210202 (base 3) in base 2?
-101000101110001111
277a65 (base 12) to base 2
10100000010000101101
-4566525 (base 7) to base 6
-20125103
ba5a (base 14) to base 2
111110111100000
-4005233 (base 7) to base 2
-1110011010101110001
Convert -2322101333 (base 4) to base 2.
-10111010010001111111
101121222021 (base 3) to base 8
630463
-2731487 (base 9) to base 2
-101101101011111010000
Convert 1110110111110100011001 (base 2) to base 3.
21100001221102
Convert -15353433 (base 8) to base 12.
-1221b37
What is 212432314 (base 6) in base 12?
131869a
Convert 1ba8470 (base 12) to base 4.
112223122110
11552310 (base 7) to base 5
231204242
Convert 323202331 (base 4) to base 5.
30301101
-1953b2 (base 14) to base 10
-898032
1011111111010011101 (base 2) to base 7
3224240
What is -30304205 (base 6) in base 15?
-121052
-23022442 (base 5) to base 2
-110001111111001011
113103110003 (base 4) to base 15
809d7e
Convert -195a9 (base 16) to base 11.
-71029
-1222437 (base 8) to base 14
-8ac47
-32bcde (base 15) to base 3
-11112220210202
What is 211200012221 (base 3) in base 2?
1101100111101100100
What is -201022012121 (base 3) in base 16?
-5cc38
-11111101110100 (base 2) to base 16
-3f74
Convert -211023013 (base 5) to base 4.
-3112001121
1a91a4 (base 13) to base 7
5516462
140145 (base 6) to base 8
31341
What is -58057 (base 12) in base 5?
-12230241
What is 1221212022010 (base 3) in base 6?
34145050
Convert 13b439 (base 12) to base 16.
50bad
What is 812942 (base 13) in base 4?
23131213022
Convert -d7b00 (base 15) to base 10.
-684225
What is 1442432113 (base 5) in base 16?
3b1cf1
What is -14828 (base 9) in base 13?
-480b
Convert -120200222302 (base 4) to base 16.
-620ab2
Convert -376124 (base 9) to base 8.
-674337
-4673154 (base 10) to base 13
-c780a5
Convert 20215135 (base 7) to base 16.
19b59b
What is 2610674 (base 9) in base 10?
1424290
What is -18250a (base 11) in base 10?
-281456
Convert -4114022 (base 9) to base 4.
-20113232012
Convert -1011001101010100100 (base 2) to base 8.
-1315244
What is -cc4d0 (base 14) in base 6?
-14335050
Convert -322065 (base 8) to base 12.
-52305
Convert 27b9a2 (base 16) to base 6.
131444522
12222003200 (base 4) to base 16
1aa0e0
Convert -399208 (base 11) to base 2.
-10011001000111001111
-100010000111111 (base 2) to base 16
-443f
What is -10002101101111 (base 3) in base 13?
-45607c
27b7720 (base 12) to base 4
132112021020
Convert -50300 (base 7) to base 9.
-17602
What is -111011000111111000 (base 2) in base 8?
-730770
What is -1718b53 (base 13) in base 9?
-15051260
Convert -16889427 (base 10) to base 13.
-3664659
101100011011001111 (base 2) to base 6
3522235
-9c68fc (base 16) to base 6
-1003411552
Convert 1101120121022 (base 3) to base 6.
23504142
Convert -110000111111101011111 (base 2) to base 14.
-2db127
What is -152888 (base 9) in base 5?
-11002130
What is -437365 (base 9) in base 3?
-111021102012
Convert 11467133 (base 8) to base 5.
1121043434
-14432042 (base 5) to base 10
-155272
-2200002001202 (base 3) to base 6
-50223545
What is -9d (base 15) in base 10?
-148
a9ae7e (base 15) to base 5
4032231034
Convert 3419907 (base 11) to base 7.
101612440
3b8134 (base 15) to base 9
5342264
What is -1681287 (base 9) in base 16?
-e54b9
Convert 231023122 (base 4) to base 8.
551332
-3294726 (base 10) to base 14
-61a9b8
What is 35bca (base 15) in base 5?
20441130
What is -1beb40 (base 15) in base 13?
-38aa08
Convert -1000055 (base 8) to base 11.
-169a94
What is -875150 (base 9) in base 16?
-7f76a
763326 (base 8) to base 13
8c505
What is 530501 (base 10) in base 5?
113434001
-12143444 (base 5) to base 10
-115499
What is 62c1 (base 13) in base 16?
356d
Convert -19231 (base 14) to base 16.
-f83b
-647014 (base 9) to base 7
-3164233
-1cb8 (base 13) to base 12
-2648
What is -5532b (base 15) in base 11?
-175436
What is -422432034 (base 5) in base 13?
-49a28b
What is 20d48 (base 16) in base 7?
1100022
Convert -273096 (base 12) to base 2.
-10011110001110110010
-1000211000110 (base 3) to base 6
-15422403
Convert -36140526 (base 9) to base 10.
-17623275
-25114440 (base 6) to base 11
-4a9553
What is -2420132 (base 11) in base 7?
-50561526
Convert -150d07 (base 14) to base 4.
-2302310223
What is 1001000110111011001 (base 2) in base 14?
7aaa5
Convert -335753 (base 9) to base 7.
-1465161
Wh